)/r. What is the greatest common factor of k and 33?
11
Let k be (-2)/(-4) + 30/(-12). Let g be k - (-1 + 7)*-1. What is the greatest common divisor of 32 and g?
4
Let j be 56*(-1 - -3) + -8. Calculate the greatest common divisor of j and 16.
8
Suppose 3*i - 29 = 1. Let p = -420 + 450. Calculate the highest common factor of p and i.
10
Let g be (10 + 0 - 15)*4/(-10). Let q(z) = -25*z**3 - 2*z + 1. Let m be q(1). Let x = m - -44. What is the greatest common divisor of g and x?
2
Suppose 5*j - 15 = -2*q + 10, 27 = 4*j + 3*q. Let x(b) = -2 - j + b + 7 + 6. Let i be x(7). Calculate the highest common divisor of 120 and i.
15
Suppose 7*q = 3*q + 20. Suppose -3*d - 5*w + 19 = 0, -q*d = -3*w + 7*w - 10. Let k be (d + 3)/((-2)/(-22)). What is the highest common factor of k and 22?
11
Let k = 6 + -6. Let b(g) be the second derivative of g**5/20 + g**3/6 + 11*g**2/2 + 5*g. Let y be b(k). What is the greatest common factor of y and 77?
11
Let x be (-7)/(-1) + -3 - 17. Let i(v) = -6*v + 17. Let g be i(x). What is the greatest common factor of 19 and g?
19
Let w(l) = -2*l**2 + 14*l - 10. Let f = -57 - -63. Let i be w(f). Calculate the greatest common divisor of i and 1.
1
Let j = 16 + -11. Suppose m - 31 = -4*y, -j*y + 25 = 4*m - 22. What is the highest common factor of y and 1?
1
Let x = 25 + -18. What is the greatest common divisor of 3 and x?
1
Suppose 2*j - 6*j = -8. Let x be (-2)/((-5)/((-75)/j)). Let s = x + 19. Calculate the highest common factor of 4 and s.
4
Let t = 47 + -43. Calculate the highest common divisor of t and 76.
4
Suppose i - 33 = -25*h + 24*h, 0 = 2*i. What is the greatest common factor of h and 264?
33
Let h = 48 - 32. Suppose -60 = -5*q - 5*n, 5*n + h = -4. Calculate the highest common divisor of 96 and q.
16
Let s be ((-160)/12)/(-5*6/225). What is the greatest common divisor of s and 75?
25
Let f be (-2)/72*8 - (-902)/9. Suppose 5*t - 162 = 38. Calculate the highest common factor of t and f.
20
Suppose -6*g = -3*g - 162. Suppose -2*p = p - g. What is the highest common divisor of p and 45?
9
Suppose 0 = 3*p + 2*j - 39, 0*p - 5*j - 90 = -5*p. Let r be (p/4)/(1/36). Suppose -17 - 10 = -o. What is the greatest common divisor of o and r?
27
Suppose 9*y = 12*y - 288. What is the highest common factor of 12 and y?
12
Suppose o - 2*r = -4*r + 24, -92 = -5*o + 4*r. Let c be -2 - 9/(-4) - (-455)/o. What is the greatest common factor of 46 and c?
23
Suppose -8*t = -6*t + 3*n - 152, 4*t = -5*n + 304. Calculate the greatest common divisor of t and 95.
19
Suppose 0*r - 2*y = 2*r - 1688, 0 = y - 5. Let n = r - 447. What is the greatest common divisor of 49 and n?
49
Suppose 2*z - 52 = -4*f - 2*z, -f + 16 = 2*z. Suppose 10*b - 50 = f. Calculate the greatest common divisor of 30 and b.
6
Suppose 0 = 4*n - 4*p - 3444 - 1176, -n + 2*p = -1150. Calculate the highest common factor of n and 20.
20
Suppose 0 = u + 5*a - 6 - 14, u + a - 24 = 0. Let q be (-8)/(-5) + (-15)/u. Let m be (45/(-30))/(2/(-12)). Calculate the greatest common divisor of q and m.
1
Let b be ((-16)/26)/4 - (-1026)/78. Let k(d) = d**3 + 6*d**2 - 10*d - 8. Let s be k(-7). Calculate the greatest common divisor of s and b.
13
Let n = 25 - 25. Suppose n = 2*r - d - 25, -r + 3*d - 45 = -5*r. What is the greatest common divisor of 8 and r?
4
Let m = 144 - 60. What is the greatest common factor of 210 and m?
42
Let q = -1931 + 2051. Calculate the greatest common divisor of 28 and q.
4
Suppose 0*b = b + 3*p - 84, 0 = b - 5*p - 52. Calculate the greatest common factor of b and 612.
36
Suppose 0 = -k + 3*k - 16. Let f = 3 - k. Let n(g) = g**2 + 5*g + 9. Let y be n(f). Calculate the highest common divisor of 18 and y.
9
Let o(l) = -3*l**2 + 25*l - 6. Let j be o(8). Let x be (-1 + j)/(4/20). What is the greatest common divisor of 10 and x?
5
Suppose 0 = 17*a + 144 - 756. Calculate the highest common divisor of 36 and a.
36
Let d(a) = 46*a - 142. Let l be d(4). Calculate the highest common divisor of 112 and l.
14
Let q = 130 - 50. What is the greatest common factor of q and 130?
10
Let u = 143 + 28. Calculate the highest common divisor of 285 and u.
57
Suppose 5*w + 13*f - 119 = 9*f, 2*w - f = 58. What is the greatest common factor of 2 and w?
1
Suppose -3*s + 5*n - 3 - 5 = 0, n + 12 = 4*s. Suppose x + 3*h = -10, 7 = s*x - h - 5. Calculate the greatest common divisor of x and 6.
2
Let s = 13 + 17. Suppose -16 = -4*l + 2*l. Suppose 13*n - 375 = l*n. Calculate the greatest common divisor of s and n.
15
Let d be (-12)/10*((-960)/72 + -10). What is the highest common factor of d and 164?
4
Let d = 49 - -63. What is the greatest common divisor of d and 80?
16
Suppose -37*k + 138 = 27. What is the greatest common divisor of k and 39?
3
Let v be (-676)/(-10) - 7*(-3)/(-35). What is the highest common factor of 603 and v?
67
Suppose 112 = 5*l - 38. Let i = -1665 + 1725. Calculate the highest common factor of l and i.
30
Let m = 140 + -45. Let p(l) = l - 10. Let d be p(14). Suppose -d*y = -5*i - 9*y + 175, 5*i - 2*y = 196. Calculate the highest common factor of m and i.
19
Let d(a) = -6*a + 19. Let z be d(-1). What is the highest common divisor of 35 and z?
5
Suppose -5*t - 115 = -5*f, 69 = 5*f - t - 34. Calculate the highest common divisor of 140 and f.
20
Let x be (-13 - 3704/(-48)) + (-2)/12. Calculate the highest common factor of x and 24.
8
Suppose 256 = 4*o - 0*l - l, o - 64 = -2*l. Calculate the greatest common factor of 224 and o.
32
Let v(o) = -20*o - 76. Let t be v(-4). What is the highest common factor of 448 and t?
4
Let g(s) = 11*s + 4. Let i be g(4). Suppose 18 + 92 = 10*k. Suppose z + 3*o = -4*z + 77, -z + k = 5*o. What is the highest common factor of z and i?
16
Let g(u) = -u**2 + 9*u + 22. Suppose 21*i - 21 = 18*i. Let b be g(i). Calculate the highest common divisor of b and 4.
4
Let s be ((-588)/(-24) - (-3)/2) + 0. What is the greatest common divisor of 1482 and s?
26
Suppose -8*n + 58 + 334 = 0. Calculate the greatest common factor of n and 49.
49
Let x be 18/30*-1*-5. Let k(g) = 2*g + 3. Suppose 0 = 5*r - 15. Let h be k(r). What is the greatest common factor of h and x?
3
Let q be 3901/141 + 2/6. What is the greatest common divisor of q and 126?
14
Let c = -5 - -8. Suppose 0*m = -c*m + 120. Suppose -5*a + 4*o + 68 = 6*o, -2*o - m = -4*a. Calculate the highest common factor of 96 and a.
12
Suppose 4*o - 7*o - 5*r = -91, -r = -4*o + 106. What is the highest common factor of 459 and o?
27
Let i = -2165 + 2261. Let f(b) = b**2 - 11*b + 6. Let a be f(4). Let q = a + 34. What is the highest common divisor of q and i?
12
Let q = -2042 + 2161. Calculate the greatest common divisor of 5236 and q.
119
Let y = -6 + 12. Let r(a) = -4 + 3*a**2 + 5*a**3 + 1 + 4 - y*a**3. Let j be r(-3). What is the highest common divisor of j and 11?
11
Let f(x) = x**3 + 5*x**2 - 8*x - 3. Let h be f(-6). Let w be (-9)/18 - 90/8*-2. Suppose -d = -41 - w. Calculate the greatest common factor of h and d.
9
Let m(g) = -88*g + 807. Let b be m(9). What is the greatest common divisor of 195 and b?
15
Let z = 0 - -13. Let i(q) = 2*q**2 + 2*q + 12. Let n be i(-5). Suppose 3*a = -a + n. Calculate the highest common factor of a and z.
13
Let q be (-4 - (-11)/4)*-88. Calculate the highest common divisor of q and 275.
55
Suppose 8*q = 7*q - 3*b + 378, q = -4*b + 378. What is the greatest common divisor of q and 14?
14
Suppose 7*l = 20*l - 7020. What is the highest common divisor of l and 40?
20
Suppose 2*l = -a + 75 + 21, 2*a + 130 = 3*l. Calculate the greatest common divisor of 414 and l.
46
Let t be (-28)/(((-15)/10)/(396/12)). Calculate the greatest common factor of t and 140.
28
Suppose -3*d - 3*j = -1008, 5*j = 4*d - 5*d + 336. Suppose 4*m = 8*m - d. Calculate the greatest common divisor of 28 and m.
28
Suppose -168 = 132*h - 140*h. What is the highest common factor of 336 and h?
21
Let l = 629 - 293. What is the highest common factor of 420 and l?
84
Suppose 4*y - 8*y - 172 = 0. Let n = 109 + y. Calculate the greatest common factor of 6 and n.
6
Let c(s) = s**2 - 8*s - 4. Let o be c(14). Let i be (-3)/6*(3 - 5) - -9. What is the greatest common factor of i and o?
10
Let t be (4 - 3) + (11 - 2). Let x = 15 - t. Let d(w) = 2*w**3 - w**2 - 6*w + 13. Let g be d(3). What is the greatest common factor of g and x?
5
Sup